 11. Let i be q(-7). Let l be 21*((-10)/(-3) - i). Calculate the highest common divisor of l and 14.
7
Suppose -2*c - 8 = 3*b - 24, -4*c + 24 = 5*b. Let o = 7 + 1. What is the greatest common factor of o and b?
8
Let a(q) = -9*q**3 - 11*q**2 - 49*q + 10. Let h be a(-5). What is the highest common divisor of h and 65?
65
Let m = -88 + 196. What is the highest common divisor of 4 and m?
4
Let d = -149 + 279. What is the greatest common factor of d and 52?
26
Let j(o) = o**3 - 4*o**2 + o - 2. Let x be j(4). What is the greatest common factor of x and 2?
2
Let l(s) = 49*s**2 + 4*s - 3. Let q be l(1). Calculate the greatest common factor of q and 975.
25
Let f = -120 - -180. Calculate the highest common factor of 105 and f.
15
Let w = 701 + -686. What is the highest common factor of w and 345?
15
Suppose -4*c + 18 = 5*c. Let p(z) = -3*z - 8. Let n be p(-6). Calculate the greatest common factor of c and n.
2
Let k(j) = 9 + j**2 - 16 + 47 + 19*j. Let y be k(-17). What is the highest common divisor of y and 60?
6
Let r be ((-3)/(-9))/((-1)/18). Let z be 30 - (r/2 - 1 - -2). Calculate the highest common factor of z and 8.
8
Suppose 0 = t - 60 + 11. Let f = 76 - t. Suppose 2*y - 401 = -5*v, 2*y + 0*y = -4*v + 320. What is the highest common divisor of v and f?
27
Suppose -l - 2*l - 2*b + 76 = 0, 3*l = 2*b + 56. What is the greatest common divisor of 55 and l?
11
Suppose 6*v = -1 + 7. Let y be (-2)/(((-2)/(-2))/v) + 9. Calculate the greatest common factor of y and 77.
7
Let c = 31 + -29. Suppose 16 = c*x + 18. Let h be -8*(2 - (5 + x)). What is the greatest common divisor of h and 128?
16
Suppose 1768 = -4*d + 5316. Let u be d/3 - (-2)/6. Let p(b) = -156*b - 1523. Let x be p(-10). Calculate the greatest common divisor of u and x.
37
Let y be (-96)/528 + (-15483)/(-33). Calculate the greatest common factor of 7 and y.
7
Let y = 362 + -219. What is the highest common divisor of 22 and y?
11
Suppose 1467 = 7*s - 297. Let p = 71 + -43. Calculate the highest common factor of p and s.
28
Let n = -1786 - -1884. What is the highest common divisor of n and 392?
98
Let v be 15/5 + 1 - 4. Suppose 4*w - 120 + 36 = v. Calculate the greatest common divisor of 7 and w.
7
Suppose 38 + 34 = 3*k. Suppose -7*g + 3*g = -b + 12, 2*g - 2 = 0. Calculate the greatest common divisor of k and b.
8
Suppose -m - 2*m = -3*s - 357, 4*s = 2*m - 236. Suppose 7*g = 2*g + m. Let a(n) = 30*n. Let h be a(2). What is the highest common factor of h and g?
12
Let m(j) = 47*j**3 - 8*j**2 + 11*j - 9. Let r be m(2). Calculate the greatest common divisor of r and 119.
119
Let a(m) = -12*m**2 - 70*m + 6. Let b be a(-5). What is the highest common factor of 70 and b?
14
Let g(a) = a**3 + 9*a**2 - 44*a - 68. Let o be g(-12). What is the highest common factor of o and 266?
14
Suppose -12*q + 8*q + 1564 = 0. Suppose 5*g + 93 = -5*u + 728, -3*u + q = -2*g. What is the highest common divisor of u and 86?
43
Suppose -4*o + m - 1 + 13 = 0, 2*m = -4*o. Calculate the greatest common factor of 5 and o.
1
Let n(g) = -g**3 + 8*g**2 - 5 - 5 + 11*g - 1 + 2*g**2. Let d be n(10). Calculate the greatest common factor of d and 9.
9
Suppose -1360 = -54*j + 50*j. What is the highest common factor of j and 68?
68
Suppose 28*u + 2*w + 446 = 33*u, 2*u - 170 = 5*w. What is the highest common factor of u and 10?
10
Let z(k) = -4 + 4*k + 2 + 4*k - 2*k**2. Let w be z(3). Suppose -6*x + 180 = -w*x. Calculate the greatest common divisor of x and 18.
18
Let q = 300 - 274. Calculate the greatest common divisor of 416 and q.
26
Let y = -18 - -11. Suppose 3*c + 89 = 5*k - k, -2*k - 5*c + 51 = 0. Let f = k + y. Calculate the highest common divisor of f and 4.
4
Let r(v) = -v**3 - 6*v**2 + 6*v + 8. Let j be r(-7). Let x be (10/6)/(16/1728*30). What is the greatest common divisor of x and j?
3
Suppose y - 13 = 3. Let b be -5*(728/(-40) - 2/2). Calculate the highest common factor of b and y.
16
Let x = -2187 + 2265. Calculate the highest common factor of x and 195.
39
Let f(d) = -5*d**2 - 94*d + 49. Let g be f(-19). What is the greatest common factor of g and 15?
15
Suppose 0 = -6*z + 10*z - 52. Let k be -2 + -1 - -1 - (-52 + -15). What is the highest common factor of z and k?
13
Suppose -26*a + 19*a + 14 = 0. Calculate the greatest common factor of 7 and a.
1
Let b = 390 - 376. What is the highest common divisor of b and 448?
14
Let p be (11 + -8)/((-2)/(-22)). Calculate the greatest common factor of 11 and p.
11
Let n = -8 - 15. Let k(z) = -z**2 - 23*z + 26. Let w be k(n). What is the highest common divisor of w and 78?
26
Let t = 165 - 138. Calculate the highest common divisor of t and 54.
27
Suppose 8*m = 12 + 52. Suppose -20*i = -m*i - 312. What is the greatest common factor of i and 39?
13
Suppose -145 = -63*i + 107. Suppose -3*a - 3 - 37 = -4*b, -4*a + 50 = 5*b. Calculate the highest common factor of b and i.
2
Let l be 3/6 + (99/(-2) - 1). Let q = 148 + l. What is the greatest common factor of 14 and q?
14
Suppose 0*g + 5*g - 5705 = -5*v, -5*g - 3*v = -5705. Let i be 4/(-14) + g/49 - 0. What is the highest common divisor of i and 69?
23
Suppose 114*m + 20 = 118*m - 2*j, 36 = 5*m + 3*j. Suppose 14 = 2*n + n + 2*z, -10 = 5*z. What is the greatest common factor of m and n?
6
Suppose -z + 5*c + 39 = 0, -3*c + c + 114 = 2*z. Suppose -4*w + 24 = 4*y, 27 = 4*w - 3*y + 3. What is the highest common factor of w and z?
6
Suppose 0 = 5*m - q - 35, -18 + 8 = 2*q. Suppose 65 - 5 = m*z. Calculate the greatest common factor of 15 and z.
5
Let u = 10 + -7. Let i(a) = 26*a + 2. Let l be i(u). What is the greatest common divisor of l and 120?
40
Suppose 6*h = 3*h + 48. Suppose 6*g - 2*q + 30 = 4*g, 12 = -g - 2*q. Let d be (-1352)/(-28) - (-4)/g. What is the greatest common divisor of h and d?
16
Suppose -28 = -6*c + 2. Suppose 0*y + 15 = -c*y, 4*q + y - 45 = 0. What is the greatest common factor of q and 132?
12
Let f be -5 + (2 - -3 - 9). Let g be 6/(((-5)/260)/(3/f)). Calculate the greatest common divisor of g and 156.
52
Suppose -42 = -c - 0*c. Suppose -5 = -2*k + 5*f + 20, -c = -4*k + 2*f. Suppose 0*p + 2*p - k = 0. Calculate the greatest common divisor of 15 and p.
5
Let x = -144 + 149. What is the highest common divisor of x and 70?
5
Let q = 373 + -169. What is the greatest common factor of 12 and q?
12
Suppose 0 = 2*p - 2, -5*p = -5*h + 38 + 117. Let x be h/(4 - (0 + 2)). What is the highest common factor of x and 4?
4
Let b be (13/(-65) - (-32)/10)*99. Calculate the highest common divisor of b and 22.
11
Let a(c) = 7*c**2 - 10*c + 31. Let g be a(5). Let x be 386/10 - (-2)/5. Calculate the highest common divisor of g and x.
39
Suppose 4*a = 8*a - 660. Suppose 13*c - a - 30 = 0. Calculate the highest common divisor of 15 and c.
15
Let w(d) = 5*d - 33. Let v be w(22). Calculate the greatest common factor of v and 133.
7
Suppose -27*v + 756 = -21*v. What is the highest common divisor of 210 and v?
42
Suppose 2*j = -2, 0*u - 3*u + 141 = -3*j. Suppose 39 = 5*a - u. Calculate the greatest common divisor of 34 and a.
17
Suppose 0 = 3*g - 9, -3*g + 26 + 5 = 2*z. What is the greatest common factor of 11 and z?
11
Let j be -1*4*-1*3/4. Suppose 2*w - j*w = 2*n - 114, 3*w - 2*n = 334. What is the highest common divisor of w and 32?
16
Suppose 0 = 4*i - 168 - 48. Let x(v) = -v**2 - 24*v - 45. Let q be x(-22). Let k be q - (-406 - 2)/3. Calculate the greatest common factor of i and k.
27
Let a be -1*9/(27/6). Let o be (99/(-6))/(1/a). Calculate the highest common divisor of 11 and o.
11
Suppose -48*o = -45*o - 3. What is the greatest common divisor of 1 and o?
1
Let o(f) = 12*f. Let h be -1*(-3 + -2) - 1. Let a be o(h). Suppose -2*d - 2*d = -a. Calculate the highest common factor of 132 and d.
12
Let u = 2356 - 1524. Calculate the greatest common factor of u and 26.
26
Let n = 1651 + -1525. Calculate the greatest common divisor of 24 and n.
6
Suppose -34 - 36 = -7*d. Let f be -27*d/(-15) + -2. Calculate the highest common factor of f and 80.
16
Let r(t) = 2*t**2 - 15*t + 76. Let y be r(8). What is the greatest common divisor of 21 and y?
21
Let n be (-24)/(-108) + (-32)/(-18). Suppose 0*u = n*u + 2*j - 172, -2*j = -4*u + 332. What is the highest common divisor of u and 28?
28
Suppose z - 36 = -z. Suppose 0*w + 2*w = z. Suppose 2*k = 3*n + 18, -k